4
Let t = 1 + -4. Let m(o) = -o - 2. Let f be m(t). Let d be 1*f/(-1) - 1. Let u(x) = x**3 + x**2 - 2*x. Calculate u(d).
0
Let u(w) = -w**3 + 7*w**2 - 6*w - 4. Let r be u(6). Let k(v) = v. Suppose 0*i - 3*i = -3. Let y(m) = m - 4. Let t(h) = i*y(h) - 2*k(h). Determine t(r).
0
Let d = 2 - 1. Suppose -h = -0*h - 1. Let n = d + h. Let t(p) = -p**3 - p**2 + p + 1. Determine t(n).
-9
Let u(r) be the first derivative of r**6/120 + r**5/20 - r**4/8 + r**3/3 - r**2 - 1. Let x(n) be the second derivative of u(n). Determine x(-4).
-2
Suppose -2 = t + t. Let w be 0/(t - 0 - -3). Suppose -x + w*x = -4. Let u(s) = -s**3 + 3*s**2 + 4*s. Determine u(x).
0
Let m(b) be the second derivative of b**5/20 - b**4/6 - 2*b**3/3 - b**2/2 - 2*b. Let q(a) = 2*a**2 + 1. Let r be q(1). Give m(r).
-4
Suppose 0 = -4*w - 5*a + 69, -9 = 4*w + 2*a - 87. Suppose -3 + w = 3*h. Suppose h = 5*o + 31. Let d(c) = 2*c + 3. Calculate d(o).
-7
Let k(d) = -5*d + 1. Let b(f) = f**3 - 8*f**2 + 13*f - 7. Let w be b(6). Determine k(w).
6
Let u = 154 - 154. Let d(o) = -o**2 - o - 6. Determine d(u).
-6
Let n(y) = 3*y + 3. Let p(v) be the second derivative of -13*v**3/6 - 6*v**2 + 6*v. Let o(k) = 9*n(k) + 2*p(k). Give o(4).
7
Let i(t) = -t - 11. Suppose -v - 1 = -3. Suppose 45 = -5*d + 5*s, -v*d - 3*s = d + 39. Let j be i(d). Let n(a) = a**3 - a**2 - a + 8. What is n(j)?
8
Let m(o) = 3*o. Let a(f) = f. Let g be a(1). Calculate m(g).
3
Let v(z) = -2*z + 7. Let s(q) = -q + 16. Let a be s(11). Give v(a).
-3
Let x(m) = -4*m**2 + m - 5. Let q(b) = 3*b**2 - b + 4. Let c(o) = -3*q(o) - 2*x(o). What is c(3)?
-8
Let s(c) = -c**2 - c + 4. Let u be s(-3). Let p(r) = -r - 4 + 0 + 6 - 3. Give p(u).
1
Let o(g) be the third derivative of -g**6/120 + g**5/10 - g**4/4 + g**3/2 - 10*g**2. Give o(5).
-2
Let n(u) = -3*u**3 + 2*u**2 - 3*u + 3*u**2 + 4*u**3 - 4*u**2 + 4. Let x be -3 + 2 + -2 + 0. Calculate n(x).
-5
Let x be 7 - (-1 + 4/1). Let t(r) = -x*r**2 - r + 2 + 5*r**2 - 5*r**2 - r**3 + 2. Give t(-4).
8
Let m(s) = -s - 1. Let u(w) = w. Let c(g) = 2*m(g) + u(g). Determine c(-1).
-1
Suppose -j = 5*n - 14 + 6, -5*j = 5*n. Let a(g) = 0 - 2*g + 0*g + 1 - 3*g**n. Determine a(1).
-4
Let r = -37 + 72. Let d be (-2)/(-7) + (-185)/r. Let i(a) = a**2 + 8*a + 5. Give i(d).
-10
Let p(g) = -g**3 - g + 1. Let a(o) = 4*o**3 + 5*o**2 + 3*o - 1. Let b(d) = a(d) + 3*p(d). Calculate b(-5).
2
Let a(h) = -2 + 5 - h - 6 + 5. What is a(4)?
-2
Suppose -5*d = -39 + 9. Let a(w) = w - 2 + 1 + d. Let t be -2*(4 - 1/1). What is a(t)?
-1
Suppose k - 5 = 5. Let p(l) = -1 + 0*l + 3*l - 4*l + k. What is p(7)?
2
Let i(j) = j**3 + 6*j**2 + 4*j - 5. Let m(z) = z - 7. Let x be m(3). Give i(x).
11
Let o(w) = 1 - 6 + 2 - 3 + 50*w. Let l(k) = 10*k - 1. Let b(p) = -11*l(p) + 2*o(p). Determine b(-1).
9
Let f(m) = 2*m**2 - 13*m**3 + 7 + 4*m**2 - 6*m + 12*m**3. Let h(i) = -i**2 + 5. Let g be h(0). Determine f(g).
2
Suppose 12 = 2*w + w. Suppose -l = -w*l - 12. Let p(x) = 0*x - 3*x + 7*x + x**2 + 6. Give p(l).
6
Let l(g) = -26*g**3 + 3*g + 27*g**3 - 2 + 5 - 1 + 3*g**2. Give l(-2).
0
Let a(s) = -s**3 - 4*s**2 + 3*s - 3. Let z = 178 + -182. What is a(z)?
-15
Let l = 14 - 7. Suppose l = 3*z - 8. Suppose -4*j - 2 = -z*j. Let x(w) = -3*w. Give x(j).
-6
Let c(p) = p**3 + 6*p**2 + p + 3. Let h be c(-6). Let l(d) = -d**2 - 2*d + 4. Calculate l(h).
1
Let q(z) be the third derivative of -z**5/60 + 5*z**4/24 + z**3 - 7*z**2 - 1. Suppose 3*w + 9 = 2*y, -2*y - 11 = -3*y - 5*w. Give q(y).
0
Let i(p) = -p**2 + 3 - 34*p + 2 + 33*p. What is i(-4)?
-7
Let p(b) = -3*b. Let u be p(-2). Suppose -2*v = -u*v + 12. Let g(x) = 4 - 3 - v*x + 0 + x. What is g(-4)?
9
Let m(i) be the second derivative of -i**5/20 + i**3/3 + i**2 - 6*i. Calculate m(-2).
6
Let f = 8 + -1. Let o(u) = -3*u**2 + 5*u - f - 2*u**2 - 2*u**3 + 3*u**3 - 4*u. Give o(5).
-2
Let u(i) = -3*i**3 - 10*i**3 + i**2 + 1 + 12*i**3 + 2*i. Give u(3).
-11
Let z be 8/5*(-70)/(-28). Let g(h) = -h**3 + 2*h**2 + 3*h + 4. Calculate g(z).
-16
Let f(m) = 5*m + 11 - 23 + 6*m + 10. Let i(x) = 5*x + 4. Let j(b) = 1. Let s(w) = i(w) - 5*j(w). Let k(u) = -6*f(u) + 13*s(u). What is k(-4)?
3
Let t(k) = -k**3 + 4*k**2 + k - 2. Let p be t(2). Let u(x) = 4*x - x**2 + p*x**2 - 5*x. Determine u(1).
6
Let p = 4 - -2. Let t(m) = 3*m + 1. Calculate t(p).
19
Let o(f) = f**2 - f - 1. Let q(j) = -j**2 + 5*j. Let g(n) = 2*o(n) + q(n). Suppose 2 = x - 4*d + 19, -4*x - 23 = -d. Give g(x).
8
Let w(h) = -5*h**2 - h + 6. Let l(v) = -4*v**2 + 5. Let n(z) = -6*l(z) + 5*w(z). What is n(-5)?
0
Suppose 0 = 5*s + 16 - 1. Let a(t) = t**3 + 3*t**2 - 2*t - 4. Let p be a(s). Let y be (-24)/(-6) - (p - 0). Let f(q) = -2*q**3 + 4*q**2 - 4*q + 3. What is f(y)?
-5
Let g(f) = -2 + 2 - 5 + f. Give g(-8).
-13
Let a(s) = 14 - 3*s - 14 + 4*s. Let j be -3 - 1*7/(-1). Determine a(j).
4
Let y(v) = v + 1. Let r be -2 + (-3)/6*-2. Let j be ((-1 - -3) + r)*-2. Determine y(j).
-1
Let u(w) = -2*w + 3. Suppose 16*o - 21*o = 30. Calculate u(o).
15
Let k(i) = 3*i**2 - 3*i - 5*i**3 + 0*i**3 + 4*i**3. What is k(2)?
-2
Let r(a) = -a**2 - 2*a + 4. Let k be 2/9 - (-480)/27. Suppose 2*o + i = -13, o + 3*i = -k - 1. Calculate r(o).
-4
Suppose -x - 1 = 4*r - 4, x = -r. Let m(l) be the second derivative of 0 + 2*l + 0*l**2 + 1/6*l**3 - 7/12*l**4. What is m(r)?
-6
Suppose -12 = 2*x + 12. Let m be 3/5 + x/(-30). Let f = m - 3. Let b(n) = 2*n**2 + 3*n + 1. Calculate b(f).
3
Let v(j) = 3*j + 3. Let q(x) = -2*x**2 + 4*x - 3. Let z be q(3). Let b(o) = -o**2 - 10*o - 13. Let w be b(z). Let s be 3/w + (-5)/4. Determine v(s).
-3
Let l(a) = a**2 + 10*a + 15. Let y be l(-9). Let k(n) = -n**2 + 4*n + 7. Determine k(y).
-5
Let c(s) = -5*s**2 - 6*s + 1. Let j(k) = -4*k**2 - 5*k + 1. Let h(u) = 5*c(u) - 6*j(u). Give h(0).
-1
Let n(f) = -7*f**3 - 11*f**2 - 11*f - 6. Let c(x) = 3*x**3 + 5*x**2 + 5*x + 3. Let r(t) = -5*c(t) - 2*n(t). What is r(-2)?
-1
Let k(d) = -d. Let j be 8/(-12)*(-6)/4. Let m be (-1)/(1 + 4/(-6)). Let g(u) = -2*u - 1. Let s(r) = j*g(r) + m*k(r). Calculate s(-1).
-2
Let h(x) be the first derivative of x**2 + 14*x + 7. Let y be h(-6). Let m(r) = r**3 - r**2 + 4*r - 3. Give m(y).
9
Let y(v) be the third derivative of 7/24*v**4 - 1/3*v**3 - 2*v**2 + 0*v + 0 - 1/60*v**5. Calculate y(5).
8
Suppose 4*d + 0*d - y - 13 = 0, 5 = -5*d - 3*y. Suppose -12 = -3*m + d*o, -m - 4*m + 4*o = -22. Let j(l) = 2*l + 2 - m. What is j(2)?
4
Let w(q) = 2*q - 23. Let x be w(10). Let i(a) = -a**3 - 3*a**2 + 3. Give i(x).
3
Let d(w) = 5*w**3 + 7*w**2 + 12*w + 5. Let u(m) = -9*m**3 - 14*m**2 - 23*m - 10. Let z(i) = -7*d(i) - 4*u(i). Calculate z(-6).
-7
Let t(v) = v**3 + 5*v**2 + 3*v - 4. Suppose -4*x - 15 + 3 = 0. Let g be t(x). Let b(w) be the third derivative of w**5/60 - w**4/4 + w**3 - w**2. What is b(g)?
1
Let c(g) = -g**2 - 4*g + 2. Let q be c(-5). Let l = q - -1. Let z(k) = k + 2. Let x be z(l). Let j(i) = -i**2 - i - 5. What is j(x)?
-5
Let m(d) = -2*d**3 + 3*d**2 - 4*d. Let t(c) be the second derivative of -c**5/20 + c**4/4 - c**3/2 + 9*c. Let h(j) = -2*m(j) + 3*t(j). Determine h(-3).
3
Let l(z) be the second derivative of 7*z**6/720 + z**5/120 + z**4/12 + z. Let k(b) be the third derivative of l(b). Suppose 0 = 4*p - 9*p - 5. What is k(p)?
-6
Let d(m) = -m**2 - 11*m + 9. Let n(g) = -3*g**2 - 8*g - 15. Let k be n(-2). Calculate d(k).
9
Let y = -2 + 4. Let o(d) be the first derivative of -d**4/24 - d**3/3 + 2*d**2 + 4. Let n(i) be the second derivative of o(i). What is n(y)?
-4
Let a be (-36)/44 + (-2)/11. Let o be (1 + 0)*(a - -2). Let f(p) = -1 + 6*p + 1. Calculate f(o).
6
Let k(t) = t**2 + t - 1. Let a(c) = c**3 - 4*c**2 - 7*c + 3. Let m(b) = a(b) + k(b). Let v be 12/3 - (-2 - -2). Determine m(v).
-6
Let i(m) = -m**2 - 2 + 3 - 5*m + 4*m + 5. Determine i(0).
6
Let b = -6 + 4. Let s(r) = -r + 2. Let h be s(b). Let y(a) be the first derivative of a**2 + 1. Calculate y(h).
8
Let j(b) = -3*b. Let r(v) = v**2 - 1. Let h be r(0). Calculate j(h).
3
Let b(w) = 1 - w - 2 + 5*w - 3*w. What is b(-4)?
-5
Let j(o) = -4*o + 1. Let i = 5 + 3. Let c be (3/(-6))/((-2)/i). Suppose -m + c*m - 2 = 0. Give j(m).
-7
Let b(n) be the second derivative of n**5/20 - 5*n**4/12 + 5*n**3/6 - 3*n**2/2 - 13*n. What is b(3)?
-6
Let m(s) = s**3 - 3*s**2 - 2*s. Let l(a) = -15*a**2 - 10*a - a + 0*a**3 + 5*a**3. Let f = 15 + -4. Let w(b